2*h + 246 = 3*q, 4*h - 5*q = -q + 512. Let a be 219 - (-1)/(3/(-9)). Suppose -3*f - a = -15*f. What is the greatest common divisor of f and h?
18
Suppose 4*y = -4*h + 352, 4*h = 5*h - 5*y - 100. What is the highest common factor of h and 120?
30
Suppose -16 = s - 5*s. Let l(n) = n**3 - 7*n**2 + 5*n + 2. Let t be l(6). Let c = 4 - t. Calculate the highest common factor of s and c.
4
Let o(y) = 2*y**3 - 2*y**2 - y + 3. Let h be o(0). Let f = 5 + -8. Let g = 3 - f. Calculate the greatest common factor of g and h.
3
Let m be ((-2)/2)/((-3)/507) + -5. What is the greatest common divisor of 738 and m?
82
Let g(b) = -b**2 - 8*b + 227. Let q be g(-19). Suppose 0 = 5*k + 20 - 65. Calculate the greatest common divisor of q and k.
9
Let s be 3 - (-3 - (-4)/8*6). Let m(d) be the first derivative of -3*d**2/2 - 9*d + 9. Let q be m(-4). What is the highest common factor of q and s?
3
Let k be (26/9)/((-152)/(-684)). What is the highest common divisor of 3029 and k?
13
Suppose 7 = 3*x - 44. Let r = -339 + 492. Calculate the highest common divisor of x and r.
17
Suppose 4*t = -2*q + 50, 2*q - 35 = 21*t - 24*t. Calculate the greatest common factor of 145 and t.
5
Let f = -2 - -4. Suppose 0 = 5*y + f*c - 25, -6*c + 3*c + 24 = 3*y. Let v be ((-28)/y)/(24/(-36)). What is the greatest common factor of 35 and v?
7
Let a(p) = -p**2 + 3*p + 3. Let q be a(6). Let x(r) = r**3 + 16*r**2 + 13*r + 12. Let s be x(q). What is the highest common divisor of 14 and s?
14
Let k(j) = j**2. Let q be k(1). Let f(c) = -22*c + 2. Let h be f(q). Let g be (-135)/h + 6/(-8). Calculate the highest common factor of 4 and g.
2
Suppose 0*i + 5*i - 222 = 2*j, 0 = -3*i + 2*j + 130. Suppose -35 = -i*q + 45*q. Calculate the greatest common divisor of 5 and q.
5
Let c = -240 + 560. What is the highest common factor of c and 20?
20
Suppose 3*o - 5*t = 106, 7 = o - 3*t + 7*t. Let c = 8 + -5. Calculate the highest common divisor of o and c.
3
Let d(t) = 5*t**2 - 2*t**2 - t - 2*t**2 - t. Let l be d(3). What is the greatest common divisor of 51 and l?
3
Let v = -1559 + 1902. Calculate the highest common divisor of v and 245.
49
Let x(o) = 6*o - 2. Let u be x(1). Suppose -2*d - y + 64 = 0, 6*d = 3*d - u*y + 96. Calculate the greatest common divisor of d and 32.
32
Let x be (104/520)/((-2)/(-100)*2). What is the highest common factor of x and 40?
5
Let c(x) = 5*x - 1. Let l be c(1). Suppose -l*n + t = -2*t - 55, 2*t + 54 = 4*n. Let i be -1*(n/(-1) - 2). What is the greatest common factor of 15 and i?
15
Suppose 0 = 8*i - 3*i. Suppose 8*t - 110 + 14 = i. What is the greatest common factor of t and 48?
12
Suppose 3*h - 20 = 4*n, -4*h + 3*n + 15 = -9*h. Let l = 1 - h. Suppose -37 = -5*g - 2*r, -3*r = -g + 4*g - 15. Calculate the greatest common factor of g and l.
1
Let i be (-3)/(-6)*(-2 - -274). Let x = 43 + -26. Suppose 0*v - x = -v. Calculate the greatest common divisor of i and v.
17
Let v(r) = -34*r - 42. Let p be v(-6). What is the greatest common factor of 6 and p?
6
Suppose l - 25 = -2. Let x be (-8)/48 - 50/(-12). Suppose -x*y - 127 + 955 = 0. What is the highest common divisor of y and l?
23
Suppose -939 = 75*k - 22839. What is the highest common factor of 73 and k?
73
Suppose 0 = -0*j - 4*j + 116. Let i = 229 + -245. Let o = j + i. Calculate the highest common divisor of 52 and o.
13
Let i = 112 - -17. Let l = -117 + i. What is the highest common factor of 2 and l?
2
Suppose 5*z + 0*z = 385. Let w(r) = -r**3 - 60*r**2 + 126*r + 135. Let d be w(-62). Calculate the highest common factor of d and z.
11
Suppose -5 = 5*h + 4*g + 2, 3*g + 3 = -3*h. Let n be h*2/3 - -7. What is the highest common factor of n and 15?
5
Suppose -4*v - v + 30 = u, -5*v = -15. What is the highest common divisor of 435 and u?
15
Suppose 4*d + 2*z = 124, 4*z + 62 - 13 = d. Let y be (-18)/(-3)*5/(-15). Let a = y - -5. What is the greatest common divisor of a and d?
3
Suppose -f = -173 + 41. Calculate the greatest common divisor of f and 60.
12
Suppose 0 = 71*z - 66*z - 670. What is the greatest common divisor of 1139 and z?
67
Suppose -2*m - 4*s = 3*m, 0 = -5*m + 4*s. Suppose -6*c + 5*c - 4*b - 6 = m, -2*c - 3*b = -8. Calculate the greatest common divisor of c and 5.
5
Suppose -3*v + 36 = 5*j, -3*j = 3*v - 30 - 0. Let r(m) = m**3 - 8*m**2 + 10*m - 17. Let f be r(v). What is the highest common divisor of f and 4?
4
Suppose -4 = -3*f - f. Let d be ((-1)/2)/(f/(-6)). Let n(j) = 3*j - 7. Let w be n(3). Calculate the highest common factor of w and d.
1
Suppose 29*s - 37030 = -17*s. Calculate the greatest common factor of 35 and s.
35
Suppose -3*m + 105 = 2*m. Suppose 0 = -w + 12 + 2. What is the highest common factor of m and w?
7
Let q(m) = 38*m - 8. Let j be q(1). What is the highest common divisor of 210 and j?
30
Let u be -22*4/8*-1 + 1. Let n be (u/30)/((-1)/(-30)). Calculate the greatest common factor of n and 3.
3
Let i(c) = c**3 + 11*c**2 + 12*c + 24. Let h be i(-10). Suppose -h*p = -193 - 455. What is the greatest common factor of 18 and p?
18
Let n(p) be the second derivative of -p**5/20 + p**4/2 - 7*p**2/2 + 20*p. Let d be n(5). Calculate the highest common divisor of 12 and d.
6
Let k be (-3)/((-15)/10 - 0/(-4)). Let f be (-60)/20 - (-1)/(k/578). Calculate the greatest common factor of f and 26.
26
Suppose -3*o = m - 348, -5*m + 360 = -o + 4*o. What is the greatest common factor of o and 920?
115
Suppose 0 = b + 4*r - 36, 3*b - 44 = -19*r + 23*r. Suppose -5*i + 2*t = -25, 2*t = -5*i + 3*t + 25. Calculate the highest common divisor of b and i.
5
Suppose 3*b = -30 + 12. Let k be b*7/(-273) - (-141)/13. What is the greatest common divisor of k and 1?
1
Let y = 34374 + -34366. Let f be 1*-1*(2 - 130). What is the greatest common factor of f and y?
8
Suppose -4674 = -45*t + 1986. What is the highest common divisor of t and 8?
4
Suppose -4*h - 5*t - 67 = 146, h + 4*t + 67 = 0. Let d = -42 - h. Calculate the highest common divisor of 55 and d.
5
Suppose 0 = 11*r + 291 - 2139. What is the greatest common divisor of r and 6?
6
Let s(u) = -u + 3. Suppose -23 = -4*v - 11. Let l be s(v). Suppose -12 = -f + k - 0*k, -3*f - 4*k + 8 = l. Calculate the highest common divisor of f and 64.
8
Suppose r = -q + 3760, 3*q - 2*r = 4*q - 3763. What is the greatest common divisor of 13 and q?
13
Let m = 17 - 10. Let q = -58 + 85. Suppose 291 = 4*k + 5*a - q, 0 = 2*k - 2*a - 150. Calculate the greatest common divisor of m and k.
7
Let p be (6 - 2)/((-3)/(-144)). Calculate the highest common factor of p and 48.
48
Let m(z) = z + 8. Let b be m(-10). Let d be (-10)/8 - b/8. Let p be (12/10)/(d/(-30)). Calculate the greatest common divisor of p and 12.
12
Let r(k) = 3*k**2 - 2*k + 1376. Let n be r(0). Calculate the highest common divisor of 32 and n.
32
Let s be (5 - 0)/(20/48*2). Let z be (s/(-4))/((-3)/66). Suppose -67 = -5*b - 3*u, b + 4*u - 27 = -0*u. Calculate the greatest common divisor of b and z.
11
Let h(g) = -3*g - 4. Let t be -1 + 1 + (-30)/10. Let i be h(t). Let c = 10 + 5. Calculate the greatest common divisor of i and c.
5
Let v = 789 + -390. Let z = v + -219. Suppose 60 = 4*w - w. Calculate the greatest common factor of w and z.
20
Suppose 1222 = 5*d + 257. Suppose -10*r + 67 = -d. Calculate the highest common factor of r and 39.
13
Let z = 9 + -7. Suppose -z*u - u = t - 210, -5 = u. Calculate the greatest common factor of t and 25.
25
Let y(v) = -4*v - 2. Suppose -3*o + 5 - 26 = 0. Let q be y(o). Suppose 2*d - q = -0*d. Calculate the greatest common factor of d and 104.
13
Let m(x) = -89*x + 41*x + 39*x. Let k(d) = d**3 - 6*d**2 + 7*d - 4. Let h be k(4). Let v be m(h). Calculate the highest common divisor of v and 18.
18
Suppose 4*k + 32 = r, 0*r + 37 = 2*r + k. Let y = 165 - 115. Calculate the highest common divisor of r and y.
10
Suppose -5*q - 4*h = -167, 2*q - 12 - 68 = 5*h. Calculate the greatest common divisor of q and 595.
35
Suppose -4*f + 20 = -64. What is the greatest common divisor of f and 84?
21
Let v = 36 - 30. Let m be (-3)/v + (-76)/(-8). What is the greatest common divisor of 72 and m?
9
Suppose 0 = 5*m + 4*k - 45, -m + 2*k = 4*m - 45. What is the greatest common divisor of 27 and m?
9
Let z(h) = h**2 - 23*h + 169. Let s be z(-34). What is the highest common divisor of 49 and s?
49
Suppose -5*p - 5*b + 1325 =